 g(4).
4
Let n be 1 + (2 - (-8)/(-1)). Let m(b) = -12 - 40*b - b**2 - 16*b - 24*b - 20*b + 96*b. Determine m(n).
-17
Let q = 2380 + -2389. Let y(j) = 8*j + 63. Determine y(q).
-9
Let g be (-7 - 1) + ((-15)/((-75)/(-35)) - -2). Let s(t) = t**2 + 15*t + 31. What is s(g)?
5
Let f = -1 - -2. Let m be (4/(-3))/(f/(-6)). Let t(b) = -5718*b - 16. Let c(z) = 4901*z + 15. Let p(v) = -7*c(v) - 6*t(v). What is p(m)?
-1
Let q(f) = 4*f**2 - 5*f + 1. Let a(c) = -c**2 + 2*c. Let w(m) = -7*a(m) - 2*q(m). Let s(j) = -6*j**2 + 148*j - 746. Let h be s(7). What is w(h)?
-2
Suppose -10 = -3*y - 1. Suppose -y - 21 = -4*h. Let d(s) = -7*s - s**2 + 0*s - 5 - h*s + 11*s. Calculate d(-5).
-20
Let v(k) = 18*k - 21*k + 16 - 50 + 101. Calculate v(22).
1
Let n(i) = -i - 19. Let w(t) = -t**3 - 3*t**2 + 8*t + 21. Let c be w(-4). Suppose 5*f = -c*l - 55, 3*f = 2*f + l - 9. Give n(f).
-9
Let u = -11 - -14. Suppose u*m + m + 28 = 0. Let l(j) = 466 - j**2 + 6*j - 469 + 2*j**2. Give l(m).
4
Let d(l) be the first derivative of l**3/3 + 8*l**2 - 6*l - 4892. What is d(-5)?
-61
Let a(v) = -3*v**2 - 6*v + 3. Let q be (-2)/((-10 + -4)/7). Let i be a(q). Let x(y) = 3 + 4*y - 2*y + 4 - 5. Determine x(i).
-10
Let i(q) = -3*q**2 + 337*q - 114. Let k be i(112). Let c(o) = o**3 - 2*o**2 - 11*o - 6. What is c(k)?
0
Let w be (-12)/(-180)*0*(-1)/2. Let j(u) be the first derivative of -u**3/3 + 15*u + 1. Calculate j(w).
15
Let z(l) be the second derivative of -l**4/12 - 4*l**3/3 + 7*l**2/2 - 406*l. What is z(5)?
-58
Let g = -1870 + 1862. Let q(h) = h**2 + 10*h + 13. Determine q(g).
-3
Let n(q) = 75*q + 309. Let t(h) = 156*h + 617. Let o(s) = -5*n(s) + 2*t(s). Calculate o(-5).
4
Let m(u) = 218*u + 225. Let h be m(-1). Let s(j) = -j**2 + 6*j - 17. What is s(h)?
-24
Let o be (-24)/(-14) - 2/(-7). Let m(u) = -13 + u - 14 - u**o + 37 - 16. Calculate m(0).
-6
Let v(u) = -3 - 100*u - 10 + 16 + 99*u. Let p = 5 - 12. What is v(p)?
10
Let u(m) = -53*m - 3 - 53*m + 168*m - 58*m. Let x(z) = -2*z + 2. Let b(j) = 3*u(j) + 5*x(j). Give b(7).
15
Suppose -3*r + 1 = -8. Let h(m) = -206*m**2 + 2 + 17*m**3 + 199*m**2 - 8*m - 16*m**r. Let g(x) = -x**2 - 8*x - 4. Let z be g(-6). What is h(z)?
2
Let c(x) = -x**3 - 7*x**2 + 4*x - 5. Let k(p) = p**3 + 4*p**2 - 6*p - 3. Let b be k(-5). Suppose 14 = -4*u + b*u. Determine c(u).
-33
Suppose 0 = 3*n + 2*j + 21, -3*n + 0*j = 3*j + 21. Let y(q) = -3 + 6*q**2 - 88*q + 8 - 134*q + 2 + q**3 + 216*q. Give y(n).
0
Let b(k) be the second derivative of 4*k**3/3 - 32*k**2 + 913*k + 6. What is b(9)?
8
Let u(x) = -7*x + 51. Let w be u(7). Let y(s) = -s - s**2 - 4*s**2 + 4*s**2 + 0*s. Give y(w).
-6
Suppose -3*r - 4*p + 70199 = -3*p, -2*p = r - 23403. Let k(y) = -23399 - 2*y**2 + r + 5*y. Suppose 2*n + 1 = 4*t - 19, -15 = -3*t - 3*n. Determine k(t).
-25
Let q(v) be the third derivative of -1/60*v**5 + v**2 + 0 - 1/3*v**3 - 2*v - 1/3*v**4. Determine q(-8).
-2
Let t(o) = 27*o + 2. Let n(d) = 15*d + 1. Let a(p) = -7*n(p) + 4*t(p). What is a(5)?
16
Let j(w) = -167*w + 31. Let k(x) = -188*x + 33. Let l(b) = 9*j(b) - 8*k(b). Calculate l(-6).
9
Let d(u) = -4*u + 2. Let k(o) = o - 1. Let c(t) = -d(t) - 6*k(t). Suppose 0*v = -3*v + 258. Let g = v + -79. Calculate c(g).
-10
Let t(l) be the first derivative of 14 + 7/2*l**2 + 0*l. Calculate t(1).
7
Let l(w) = -25*w + 1. Let r(a) = 26*a - 1. Let u(z) = 3*l(z) + 2*r(z). Let i be -2 - (41/(-287) - 18/21). Determine u(i).
24
Let p(x) = x**2 - 84*x + 465. Let l be p(6). Let o(j) = -6*j**2 - 9*j - 5. Give o(l).
-32
Let p = 3148 + -3139. Let u(v) = -3*v + 17. What is u(p)?
-10
Let g(t) be the first derivative of -t**4/12 + 9*t**2/2 - 63*t - 71. Let q(a) be the first derivative of g(a). Calculate q(-4).
-7
Let q(o) = 3*o**2 - 4*o - 7. Suppose -115 = 38*n - 117*n - 352. What is q(n)?
32
Let f(i) = -4*i**3 - 17 + 33 - 18 + 5*i**3 - 3*i**2. Suppose 6*d + 203 = 5. Let q = 36 + d. Give f(q).
-2
Let i(o) be the second derivative of o**3/6 + 24*o**2 + 8914*o. Determine i(-18).
30
Let w(k) = -128*k - 348. Let s(d) = 53*d + 139. Let m(f) = -12*s(f) - 5*w(f). Determine m(-16).
8
Let t(l) = 7*l**3 - 10*l**2 + 3*l + 1. Let k(b) = -b**3 + b**2 - b + 2. Let o(h) = -6*k(h) - t(h). Let m be o(3). Let w(p) = -p**2 + 6*p + 1. What is w(m)?
6
Let k(m) = m**2 + 9*m + 15. Suppose -8*b - 13*b = 11*b + 224. Determine k(b).
1
Let z(t) = -t**2 + 10*t + 13. Suppose 163*u = -135*u + 2980. Determine z(u).
13
Let s = 23 - 18. Let j(t) be the second derivative of -t**4/6 + 4*t**3/3 - 3*t**2/2 - 621*t. Give j(s).
-13
Let p(u) be the first derivative of 4/3*u**3 + 69 - 1/4*u**4 + 3/2*u**2 + 4*u. What is p(5)?
-6
Let z(u) = 86*u + 2471. Let q be z(-29). Let y(i) = -2*i**2 - 46*i - 9. What is y(q)?
-9
Let y(v) = -v - 6. Let m(r) = -2*r - 11. Let x(j) = 6*m(j) - 10*y(j). Suppose -3*z - 35 = -53. Let q be (28 - 19)*(-4)/z. Calculate x(q).
6
Let k(v) = v**2 + 72870*v + 72859*v + 6 - 145724*v. Determine k(-3).
0
Let u(c) be the second derivative of -c**5/20 + 4*c**4/3 - 3*c**3 - 21*c**2/2 - 621*c - 2. What is u(15)?
-66
Let t(d) = -5*d**2 - 2*d + 2. Let f = 57 - 57. Suppose f = -8*l - 1006 + 990. Determine t(l).
-14
Let k(i) be the third derivative of 0*i + 0*i**3 + 60*i**2 + 0 + 0*i**5 + 1/24*i**4 - 1/120*i**6. Let w = 5 + -7. Calculate k(w).
6
Let a(w) = -11*w + 24. Let b be a(5). Let h = b + 37. Let r(k) = -7*k - 200 + 9*k + 191. Determine r(h).
3
Let d(j) = -4*j + 1 + 3*j - 2. Suppose -2*q - 12 = 2*l, 4*q + 14 - 53 = 5*l. Calculate d(l).
6
Let r(u) = -27*u - 1. Let b(k) = 14*k. Let w(l) = 5*b(l) + 2*r(l). Give w(-5).
-82
Suppose -5*v + 0 + 20 = 0. Suppose 3*m + m + 4*f - 72 = 0, 12 = v*f. Let j(b) = 5*b + m*b - 1 + b**2 - 12*b. Determine j(-6).
-13
Suppose 1197 = -98*o - 1547. Let z(w) = w**3 + 31*w**2 + 82*w - 54. What is z(o)?
2
Let s(r) = -3*r - 16. Suppose 11*x - 97 = 189. Suppose 4*u = -i - x, 5*i + 3 - 13 = 0. Determine s(u).
5
Let l(z) = 1 - 8757*z + 6078*z + 2679*z + z**2. Let w = -10 + 3. Let r = -5 - w. Give l(r).
5
Let p(f) = 36 + 15*f - 15*f + f - 15. Let w(q) = -9*q**2 + 2*q + 2. Let u be w(-1). What is p(u)?
12
Let q(x) = 87*x + 102*x - 1 - 180*x + 9*x**2 - x**3. Calculate q(10).
-11
Let j(q) = 5*q - 28. Let y be j(6). Suppose 4 = 4*h + y*k, 5*k - 3 = -4*h - 11. Let u(v) = -3*v**2 + 4 + 8*v**2 - 10*v**h + 9*v**3 - 6*v - v**2. Calculate u(4).
-20
Let c = 36 + -38. Let i be -24*(1/2)/(c/22). Let s(p) = -p + i*p**2 - 2 - 2*p - 131*p**2. Calculate s(5).
8
Suppose 11 = 3*o - 13. Let v(h) = -75*h**2 + 4*h + 3. Let r(u) = 122*u**2 - 7*u - 6. Let m(q) = -8*r(q) - 13*v(q). Give m(o).
-23
Let p = 86 + -79. Suppose -3*u - p = -4*u. Let f(z) = -z + 11. Give f(u).
4
Let v(t) be the third derivative of -3*t**4/8 - 15*t**3 - 3234*t**2. Calculate v(-12).
18
Let c(o) = 12*o - 3. Let j(g) = -6*g + 2. Let x(l) = -4*c(l) - 7*j(l). Let n be (1 + 6 + -4)*2/2. What is x(n)?
-20
Let n(r) = -r**2 + r + 14. Let x = 1691 + -1686. Calculate n(x).
-6
Let h(g) = 107*g**3 - 7*g**2 - 9*g - 18. Let w(l) = -18*l**3 + l + 2. Let k(p) = -h(p) - 6*w(p). What is k(-6)?
24
Let c(z) be the second derivative of z**6/120 - z**5/10 + z**4/12 - z**3/3 - 34*z**2 + z - 20. Let f(w) be the first derivative of c(w). What is f(5)?
-17
Let b(o) be the third derivative of o**6/120 + o**5/15 - o**4/12 - 5*o**3/6 - 20*o**2. Let u be b(-4). Let v(c) = -u*c + 0*c + c + c - 12. Give v(-6).
-6
Let a be (-19)/((-133)/(-2380)) + -7. Let f = a - -343. Let g(s) = -s**3 - 5*s**2 - 3*s - 2. Calculate g(f).
-6
Let n(x) = x**2 + 28*x + 53. Let r be n(-26). Let l be (-4 - 0 - 1)/r. Let u(z) = -3*z + 2*z + 3*z + 1. Determine u(l).
-9
Let a = -46 - -44. Let f be a/17 - 650/(-34). Let g(w) = -3*w**2 + f + 2 + 2*w**2. Give g(0).
21
Suppose 0 = -4*x + h + 4, 19*x + 2*h = 15*x - 8. Let o be (0/((-156)/12))/(x + -1). Let t(k) = k**3 + k**2 + 7. What is t(o)?
7
Let u(v) = -v**3 + 4*v**2 + 28*v - 54. Let n be u(2). Let q(k) = 4*k - 2 - 9*k - 5 + 1 - n. Give q(-4).
4
Let t(f) be the second derivative of f**4/6 - 2*f**3 + 4*f**2 - 643*f. What is t(3)?
-10
Let y(i) = 199*i - 3386. Let t be y(17). Let n(k) = -7*k**2 + 4*k - 3. Let h(s) = s**2 - s + 1. Let m(a) = 6*h(a) + n(a). Determine m(t).
0
Let u(w) = -35*w**2 - 44*w + 72. Let h(g) = -22*g**2 - 28*g + 48. Let k(p) = 8*h(p) - 5*u(p). Give k(-6).
12
Let y(r) = r**2 - 8*r + 5. Let d(x) = 2*x**2 - 1